r when 11469 is divided by 1480?
1109
Calculate the remainder when 28210 is divided by 2168.
26
Calculate the remainder when 12736 is divided by 74.
8
Calculate the remainder when 16027 is divided by 388.
119
Calculate the remainder when 10206 is divided by 92.
86
What is the remainder when 18923 is divided by 2363?
19
Calculate the remainder when 141165 is divided by 3137.
0
What is the remainder when 31108 is divided by 61?
59
Calculate the remainder when 2397 is divided by 790.
27
Calculate the remainder when 5791 is divided by 116.
107
What is the remainder when 19874 is divided by 6622?
8
What is the remainder when 2966 is divided by 428?
398
What is the remainder when 1584602 is divided by 68?
66
What is the remainder when 3406 is divided by 219?
121
Calculate the remainder when 8290 is divided by 2692.
214
Calculate the remainder when 11723 is divided by 174.
65
What is the remainder when 5829 is divided by 17?
15
What is the remainder when 45716 is divided by 879?
8
What is the remainder when 4640 is divided by 172?
168
What is the remainder when 1264 is divided by 631?
2
Calculate the remainder when 99296 is divided by 662.
658
What is the remainder when 22011 is divided by 35?
31
What is the remainder when 8163 is divided by 855?
468
Calculate the remainder when 1647 is divided by 353.
235
What is the remainder when 230645 is divided by 22?
19
Calculate the remainder when 24152 is divided by 356.
300
What is the remainder when 3213 is divided by 579?
318
What is the remainder when 2123 is divided by 726?
671
What is the remainder when 2608 is divided by 817?
157
Calculate the remainder when 1184 is divided by 365.
89
Calculate the remainder when 21090 is divided by 4.
2
What is the remainder when 1466 is divided by 267?
131
What is the remainder when 141347 is divided by 146?
19
What is the remainder when 35279 is divided by 56?
55
Calculate the remainder when 498 is divided by 143.
69
What is the remainder when 2412 is divided by 13?
7
Calculate the remainder when 1609731 is divided by 14.
11
Calculate the remainder when 4808 is divided by 336.
104
What is the remainder when 392421 is divided by 70?
1
What is the remainder when 148638 is divided by 9?
3
What is the remainder when 67480 is divided by 758?
18
What is the remainder when 90337 is divided by 167?
157
What is the remainder when 9108 is divided by 217?
211
Calculate the remainder when 197370 is divided by 371.
369
Calculate the remainder when 15480 is divided by 72.
0
Calculate the remainder when 8008 is divided by 225.
133
What is the remainder when 93172 is divided by 153?
148
Calculate the remainder when 9733 is divided by 954.
193
Calculate the remainder when 140096 is divided by 12736.
0
What is the remainder when 170018 is divided by 15?
8
What is the remainder when 5038 is divided by 48?
46
What is the remainder when 10456 is divided by 1158?
34
Calculate the remainder when 224725 is divided by 14.
11
What is the remainder when 1040 is divided by 140?
60
What is the remainder when 2289 is divided by 2232?
57
What is the remainder when 485 is divided by 83?
70
What is the remainder when 20782 is divided by 76?
34
Calculate the remainder when 3908 is divided by 54.
20
Calculate the remainder when 843 is divided by 233.
144
What is the remainder when 481285 is divided by 45?
10
Calculate the remainder when 921 is divided by 206.
97
Calculate the remainder when 5395 is divided by 2696.
3
Calculate the remainder when 1893 is divided by 343.
178
Calculate the remainder when 72684 is divided by 69.
27
Calculate the remainder when 879635 is divided by 48.
35
What is the remainder when 321744 is divided by 55?
49
What is the remainder when 13896 is divided by 180?
36
What is the remainder when 1101 is divided by 48?
45
What is the remainder when 975 is divided by 466?
43
What is the remainder when 84499 is divided by 47?
40
What is the remainder when 583 is divided by 94?
19
Calculate the remainder when 28103 is divided by 477.
437
Calculate the remainder when 28978 is divided by 60.
58
Calculate the remainder when 10181 is divided by 5012.
157
What is the remainder when 134724 is divided by 317?
316
What is the remainder when 1745 is divided by 572?
29
Calculate the remainder when 80700 is divided by 4.
0
What is the remainder when 72218 is divided by 24013?
179
Calculate the remainder when 17895 is divided by 1626.
9
Calculate the remainder when 766226 is divided by 15.
11
What is the remainder when 5165 is divided by 516?
5
What is the remainder when 29466 is divided by 5892?
6
What is the remainder when 98094 is divided by 1308?
1302
Calculate the remainder when 42739 is divided by 18.
7
Calculate the remainder when 5298 is divided by 42.
6
Calculate the remainder when 98977 is divided by 49476.
25
Calculate the remainder when 9179 is divided by 833.
16
What is the remainder when 4551308 is divided by 567?
566
What is the remainder when 4104396 is divided by 57?
54
Calculate the remainder when 17217 is divided by 246.
243
Calculate the remainder when 58299 is divided by 9716.
3
Calculate the remainder when 10779 is divided by 3586.
21
What is the remainder when 8847164 is divided by 284?
280
Calculate the remainder when 4477 is divided by 1480.
37
Calculate the remainder when 4972 is divided by 2664.
2308
What is the remainder when 3982 is divided by 1970?
42
What is the remainder when 630161 is divided by 257?
254
What is the remainder when 841153 is divided by 52?
1
Calculate the remainder when 32109 is divided by 46.
1
Calculate the remainder when 3280 is divided by 250.
30
What is the remainder when 410497 is divided by 491?
21
What is the remainder when 116481 is divided by 139?
138
Calculate the remainder when 6336 is divided by 195.
96
What is the remainder when 110078 is divided by 67?
64
What is the remainder when 26054 is divided by 5180?
154
What is the remainder when 6023 is divided by 123?
119
What is the remainder when 4505 is divided by 52?
33
What is the remainder when 23892 is divided by 27?
24
What is the remainder when 107254 is divided by 7657?
56
What is the remainder when 575598 is divided by 8?
6
What is the remainder when 111531 is divided by 111521?
10
What is the remainder when 4830 is divided by 617?
511
What is the remainder when 1916 is divided by 126?
26
Calculate the remainder when 29586 is divided by 478.
428
Calculate the remainder when 51315 is divided by 51287.
28
Calculate the remainder when 212213 is divided by 810.
803
Calculate the remainder when 30529 is divided by 15264.
1
Calculate the remainder when 73463 is divided by 65.
13
Calculate the remainder when 22631 is divided by 69.
68
Calculate the remainder when 9674697 is divided by 420.
417
Calculate the remainder when 13277 is divided by 13272.
5
What is the remainder when 71 is divided by 26?
19
Calculate the remainder when 11345 is divided by 172.
165
Calculate the remainder when 26587 is divided by 26444.
143
Calculate the remainder when 523 is divided by 308.
215
What is the remainder when 24743 is divided by 132?
59
What is the remainder when 9885 is divided by 3839?
2207
What is the remainder when 244036 is divided by 178?
176
Calculate the remainder when 158624 is divided by 47.
46
Calculate the remainder when 5926 is divided by 66.
52
Calculate the remainder when 46986 is divided by 11744.
10
Calculate the remainder when 3411 is divided by 302.
89
Calculate the remainder when 28971 is divided by 13.
7
Calculate the remainder when 12772 is divided by 4202.
166
Calculate the remainder when 682848 is divided by 75872.
0
Calculate the remainder when 357 is divided by 127.
103
Calculate the remainder when 85714 is divided by 107.
7
What is the remainder when 1131239 is divided by 113?
109
Calculate the remainder when 32952 is divided by 80.
72
What is the remainder when 131276 is divided by 43740?
56
What is the remainder when 17331 is divided by 109?
0
Calculate the remainder when 68398 is divided by 586.
422
What is the remainder when 4756 is divided by 17?
13
Calculate the remainder when 5608 is divided by 804.
784
What is the remainder when 27659 is divided by 709?
8
What is the remainder when 7032 is divided by 1397?
47
What is the remainder when 53320 is divided by